61?
2
What is the hundred thousands digit of 3027031?
0
What is the ten thousands digit of 1351680?
5
What is the hundreds digit of 6325721?
7
What is the hundred thousands digit of 26885032?
8
What is the tens digit of 938866?
6
What is the tens digit of 360691?
9
What is the hundreds digit of 126664?
6
What is the hundred thousands digit of 6877491?
8
What is the tens digit of 156002?
0
What is the units digit of 2589609?
9
What is the hundreds digit of 14592270?
2
What is the millions digit of 2487460?
2
What is the millions digit of 4297508?
4
What is the thousands digit of 4156937?
6
What is the tens digit of 23302536?
3
What is the thousands digit of 4203627?
3
What is the tens digit of 4786403?
0
What is the ten thousands digit of 314399?
1
What is the hundreds digit of 17942277?
2
What is the hundreds digit of 245050?
0
What is the hundreds digit of 338841?
8
What is the tens digit of 5275248?
4
What is the tens digit of 742697?
9
What is the ten thousands digit of 901515?
0
What is the thousands digit of 128580?
8
What is the units digit of 4358213?
3
What is the thousands digit of 2846124?
6
What is the thousands digit of 217867?
7
What is the millions digit of 3352155?
3
What is the hundred thousands digit of 659234?
6
What is the units digit of 241569?
9
What is the hundred thousands digit of 254362?
2
What is the hundreds digit of 607771?
7
What is the ten thousands digit of 1156270?
5
What is the hundred thousands digit of 3676931?
6
What is the millions digit of 4498938?
4
What is the thousands digit of 130684?
0
What is the hundred thousands digit of 231058?
2
What is the hundreds digit of 26216854?
8
What is the hundred thousands digit of 1543829?
5
What is the hundred thousands digit of 2376836?
3
What is the ten thousands digit of 29249904?
4
What is the thousands digit of 45516?
5
What is the thousands digit of 49752?
9
What is the hundreds digit of 1719126?
1
What is the thousands digit of 198692?
8
What is the ten thousands digit of 3154659?
5
What is the units digit of 45833?
3
What is the hundreds digit of 199426?
4
What is the ten thousands digit of 9128027?
2
What is the thousands digit of 1321848?
1
What is the hundred thousands digit of 2051257?
0
What is the hundred thousands digit of 759728?
7
What is the thousands digit of 673007?
3
What is the tens digit of 64193?
9
What is the millions digit of 32024254?
2
What is the hundreds digit of 165231?
2
What is the hundreds digit of 250146?
1
What is the hundreds digit of 12715044?
0
What is the hundreds digit of 17047513?
5
What is the ten thousands digit of 55739?
5
What is the hundreds digit of 2647990?
9
What is the tens digit of 165759?
5
What is the ten thousands digit of 277302?
7
What is the tens digit of 2418078?
7
What is the tens digit of 1613749?
4
What is the hundreds digit of 13362?
3
What is the ten thousands digit of 96231?
9
What is the ten thousands digit of 1447615?
4
What is the thousands digit of 3583155?
3
What is the thousands digit of 1123485?
3
What is the thousands digit of 2312559?
2
What is the ten thousands digit of 5024738?
2
What is the ten thousands digit of 3888106?
8
What is the tens digit of 4099938?
3
What is the millions digit of 2909767?
2
What is the thousands digit of 9176530?
6
What is the thousands digit of 438083?
8
What is the hundred thousands digit of 9394647?
3
What is the hundred thousands digit of 1777118?
7
What is the millions digit of 1210410?
1
What is the millions digit of 14687291?
4
What is the tens digit of 584375?
7
What is the units digit of 10336929?
9
What is the thousands digit of 349349?
9
What is the millions digit of 2717151?
2
What is the thousands digit of 6419791?
9
What is the ten thousands digit of 211265?
1
What is the tens digit of 166277?
7
What is the units digit of 249004?
4
What is the hundreds digit of 251210?
2
What is the thousands digit of 408127?
8
What is the thousands digit of 256920?
6
What is the units digit of 2396362?
2
What is the units digit of 427637?
7
What is the units digit of 12201229?
9
What is the hundreds digit of 370834?
8
What is the ten thousands digit of 263777?
6
What is the thousands digit of 3418317?
8
What is the thousands digit of 650811?
0
What is the units digit of 10228?
8
What is the thousands digit of 377945?
7
What is the hundred thousands digit of 2744931?
7
What is the tens digit of 490123?
2
What is the hundred thousands digit of 1311281?
3
What is the thousands digit of 113469?
3
What is the tens digit of 91900?
0
What is the millions digit of 22076537?
2
What is the thousands digit of 2189581?
9
What is the ten thousands digit of 2208074?
0
What is the thousands digit of 248615?
8
What is the units digit of 64252?
2
What is the thousands digit of 400071?
0
What is the thousands digit of 931065?
1
What is the ten thousands digit of 11321706?
2
What is the tens digit of 253471?
7
What is the hundreds digit of 1693872?
8
What is the hundreds digit of 944690?
6
What is the hundred thousands digit of 443711?
4
What is the tens digit of 1295871?
7
What is the ten thousands digit of 5362700?
6
What is the units digit of 1175609?
9
What is the thousands digit of 715755?
5
What is the hundreds digit of 8117?
1
What is the tens digit of 2078886?
8
What is the tens digit of 354143?
4
What is the hundred thousands digit of 1563254?
5
What is the thousands digit of 7982469?
2
What is the hundreds digit of 14981737?
7
What is the thousands digit of 160338?
0
What is the thousands digit of 275430?
5
What is the hundreds digit of 7229056?
0
What is the ten thousands digit of 2039352?
3
What is the hundreds digit of 30634232?
2
What is the hundred thousands digit of 7085314?
0
What is the units digit of 284979?
9
What is the units digit of 2828148?
8
What is the ten thousands digit of 2339760?
3
What is the ten thousands digit of 1991448?
9
What is the tens digit of 324219?
1
What is the thousands digit of 973963?
3
What is the units digit of 240640?
0
What is the ten thousands digit of 1279119?
7
What is the tens digit of 992474?
7
What is the hundred thousands digit of 1365273?
3
What is the tens digit of 5426178?
7
What is the thousands digit of 101827?
1
What is the thousands digit of 196819?
6
What is the tens digit of 6914089?
8
What is the ten thousands digit of 718134?
1
What is the hundred thousands digit of 1914541?
9
What is the hundreds digit of 613895?
8
What is the hundreds digit of 22175493?
4
What is the thousands digit of 1793948?
3
What is the units digit of 5645787?
7
What is the hundred thousands digit of 12087945?
0
What is the hundreds digit of 174956?
9
What is the thousands digit of 1536294?
6
What is the ten thousands digit of 287044?
8
What is the hundreds digit of 334766?
7
What is the ten thousands digit of 19667?
1
What is the thousands digit of 13804310?
4
What is the ten thousands digit of 1696627?
9
What is the units digit of 1517911?
1
What is the thousands digit of 227656?
7
What is the tens digit of 182485?
8
What is the ten thousands digit of 5889163?
8
What is the units digit of 412291?
1
What is the ten thousands digit of 1545785?
4
What is the units digit of 10578422?
2
What is the hundred thousands digit of 229083?
2
What is the thousands digit of 157234?
7
What is the thousands digit of 304996?
4
What is the thousands digit of 2521542?
1
What is the hundreds digit of 4008732?
7
What is the tens digit of 8176396?
9
What is the hundreds digit of 3545703?
7
What is the hundreds digit of 528501?
5
What is the units digit of 226577?
7
What is the hundreds digit of 10477469?
4
What is the units digit of 118379?
9
What is the ten thousands digit of 4903978?
0
What is the units digit of 171235?
5
What is the ten thousands digit of 1971697?
7
What is the millions digit of 1351710?
1
What is the ten thousands digit of 162986?
6
What is the millions digit of 17885704?
7
What is the ten thousands digit of 5544993?
4
What is the tens digit of 9097073?
7
What is the units digit of 1065382?
2
What is the thousands digit of 1165502?
5
What is the ten thousands digit of 953497?
5
What is the tens digit of 3551699?
9
What is the hundreds digit of 43370353?
3
What is the tens digit of 13086431?
3
What is the ten millions digit of 17142815?
1
Wh